 1278167 - -3?
1278171
In base 15, what is -7a + 16313?
16288
In base 5, what is -2003304 - -321?
-2002433
In base 3, what is 0 - -111100212211?
111100212211
In base 12, what is 332 - 218676?
-218344
In base 14, what is -a33a9 + 1d?
-a338a
In base 9, what is 620 - 72636?
-72016
In base 14, what is 1 - -2ab45b?
2ab45c
In base 3, what is 21012002102010 - 2212?
21012002022021
In base 6, what is 1102 - 452013?
-450511
In base 12, what is 24b + -2b47a?
-2b22b
In base 16, what is 13 + 30450?
30463
In base 8, what is -73155743 + -16?
-73155761
In base 14, what is -419c8 + -844?
-4242c
In base 13, what is -208466 + 15?
-208451
In base 8, what is 0 - 134063245?
-134063245
In base 7, what is 4 - -224633524?
224633531
In base 12, what is -1 + 13b14866?
13b14865
In base 14, what is 5093 + ad5?
5b88
In base 11, what is 78308 - 1977?
76441
In base 2, what is 10111011110101 + -100010100010?
10011001010011
In base 2, what is 1001100011 + -11000001111111?
-10111000011100
In base 5, what is -13202214011 + -11?
-13202214022
In base 5, what is 22430014144 - -3?
22430014202
In base 13, what is -797301 + 3?
-7972cb
In base 14, what is 1 + 125c01b?
125c01c
In base 14, what is 5b49 + -175?
59b4
In base 15, what is 12d57ba - 2?
12d57b8
In base 2, what is 111 + 10011101001110001000000?
10011101001110001000111
In base 3, what is 1020 - 20202011211120?
-20202011210100
In base 11, what is -24aa4 + 2392?
-22712
In base 4, what is 1032113030201 - 10?
1032113030131
In base 7, what is 5 - 112513336?
-112513331
In base 8, what is -252650 + 12?
-252636
In base 3, what is 210122022 + 121002110?
1101201202
In base 16, what is -2e - -f7dab?
f7d7d
In base 15, what is 2 + 8354d?
83550
In base 15, what is -6987571 - 3?
-6987574
In base 4, what is 300012313 + -311?
300012002
In base 8, what is 30525022 + 7?
30525031
In base 11, what is 788930 - 1?
78892a
In base 6, what is 103 + 100035155?
100035302
In base 13, what is -39985 - -1?
-39984
In base 3, what is 211112 - -11201011120?
11202000002
In base 13, what is 1 - 66b689?
-66b688
In base 15, what is -3201 - -1a7?
-3049
In base 10, what is 146 + -3453946?
-3453800
In base 2, what is 1000111001110011001011 - -100110?
1000111001110011110001
In base 7, what is -24 + 44253402?
44253345
In base 14, what is -30 + -dcd1?
-dd21
In base 6, what is 15230040025 + -3?
15230040022
In base 5, what is 1 + -1230002442?
-1230002441
In base 13, what is -b30 + -136?
-c66
In base 2, what is -100 - 1001100100011001111111?
-1001100100011010000011
In base 9, what is 1818 + -3302?
-1373
In base 3, what is -2202022110212 - -210?
-2202022110002
In base 2, what is -111111001111 + -10011110101?
-1010011000100
In base 8, what is -5 + 23652210?
23652203
In base 15, what is 0 - 269d6c3?
-269d6c3
In base 15, what is -1 - -5a028?
5a027
In base 11, what is -37253 - 271?
-37514
In base 4, what is -13333 - -2211220311?
2211200312
In base 15, what is 1 + -14c146?
-14c145
In base 15, what is -32aa1b + 1?
-32aa1a
In base 11, what is 5375 - 1178?
41a8
In base 9, what is -4 + -2805872?
-2805876
In base 7, what is 1241306 + -3056?
1235220
In base 9, what is 2 - 37535674?
-37535672
In base 8, what is -1034066 + 2?
-1034064
In base 9, what is 1665745 - -127?
1665873
In base 15, what is 6a + c10?
c7a
In base 12, what is 348902b - -4?
3489033
In base 12, what is 51 - 291b22?
-291a91
In base 9, what is 5 - 1012143?
-1012137
In base 9, what is -5 - 15173121?
-15173126
In base 11, what is 0 - 84a2245?
-84a2245
In base 5, what is 3241112111 - -10?
3241112121
In base 3, what is -110010101010 + 1020201?
-110002010102
In base 10, what is 3639 - -5318?
8957
In base 10, what is 13 - -153669?
153682
In base 5, what is 120140 + 113103?
233243
In base 13, what is -9 + -222217b?
-2222187
In base 2, what is -1100100001100100110111110 + 0?
-1100100001100100110111110
In base 13, what is 0 - 9ac914?
-9ac914
In base 2, what is -1100 - 1100101101010101110?
-1100101101010111010
In base 4, what is 13210113021 - 2300?
13210110121
In base 15, what is 6706b + 4?
67070
In base 2, what is 111111010011011 + 11110010?
111111110001101
In base 13, what is -2001a02a - -3?
-2001a027
In base 13, what is -14b - 52281?
-523cc
In base 10, what is 1194 - 78071?
-76877
In base 10, what is 21790 + 36062?
57852
In base 2, what is 100101010110011000011 - -10110?
100101010110011011001
In base 2, what is 1111111000100111 - -10101100001?
10000001110001000
In base 9, what is 4345 + 3858?
8314
In base 15, what is aeb81 - -7d?
aec0e
In base 14, what is -1 + 183d334?
183d333
In base 14, what is bb - -662393?
662470
In base 16, what is a - 2d09114?
-2d0910a
In base 14, what is -120c99 + 2c?
-120c6b
In base 7, what is 44330 + -13514?
30513
In base 4, what is 1 - 1120323212301?
-1120323212300
In base 2, what is -111110000010 + -10011111001111011?
-10100110111111101
In base 5, what is -113214330 - -34?
-113214241
In base 2, what is -11 - 1110001110110101010111001?
-1110001110110101010111100
In base 9, what is 30358373 - 0?
30358373
In base 7, what is -115332324 + 44?
-115332250
In base 2, what is -100111111 - 10000100001001?
-10001001001000
In base 15, what is 1d837ce6 + 1?
1d837ce7
In base 7, what is 550 + 41065?
41645
In base 9, what is 136 - 53481?
-53344
In base 16, what is 2c2b5 - -70?
2c325
In base 9, what is -261512653 + 4?
-261512648
In base 6, what is 144 - -231044?
231232
In base 2, what is -10011111011111011 + 1000101?
-10011111010110110
In base 7, what is -2411415 - -320?
-2411065
In base 3, what is -1101100102220222 + 1201?
-1101100102212021
In base 5, what is -111212321 + 24?
-111212242
In base 2, what is -10100 - -111010000010000110001010?
111010000010000101110110
In base 12, what is -3aa4 + -24a?
-4132
In base 9, what is -130276 - 62?
-130348
In base 11, what is -30794 + -369a?
-34383
In base 10, what is -1762 - 2399?
-4161
In base 11, what is -16a10479 - 3?
-16a10481
In base 11, what is 103 - 12237?
-12134
In base 4, what is 2302131331 + -3?
2302131322
In base 9, what is -1484074 + 21?
-1484053
In base 3, what is -2 + 122110221111120122?
122110221111120120
In base 14, what is 6b5 + 3802?
40b7
In base 10, what is -1514212 + 9?
-1514203
In base 8, what is 1301 - -3725?
5226
In base 15, what is 6854c10 + 5?
6854c15
In base 10, what is 66510 + -1420?
65090
In base 14, what is -48c6 + -1282?
-5b68
In base 8, what is 2543533 + -13?
2543520
In base 11, what is -1 + -993945?
-993946
In base 3, what is 112 - 120012010001?
-120012002112
In base 11, what is 322 + 7551?
7873
In base 9, what is -4637 - 157?
-4805
In base 6, what is -3514 - 100001105?
-100005023
In base 9, what is -432 - 188822?
-200354
In base 2, what is -101 - 101001110011100010010001?
-101001110011100010010110
In base 9, what is -5 - 538615363?
-538615368
In base 16, what is 13aa3 - -1940?
153e3
In base 13, what is -45 + 2857?
2812
In base 14, what is -9 + -6a7409?
-6a7414
In base 11, what is -1 + 410335a7?
410335a6
In base 2, what is -10110101010000100010 - 11?
-10110101010000100101
In base 7, what is 16 + -3255253?
-3255234
In base 14, what is -536 + -8b20?
-9256
In base 9, what is -137 - 5178575?
-5178723
In base 9, what is -218133 - 6015?
-225148
In base 2, what is -101000 + 10101000100010001?
10101000011101001
In base 8, what is -1400 + -50551?
-52151
In base 12, what is 19 - 9b893?
-9b876
In base 8, what is 315531 + 46?
315577
In base 3, what is 12000 - 1222022012202?
-1222022000202
In base 2, what is -1010000000101101011000111 - -101?
-1010000000101101011000010
In base 5, what is -21 + 30222312240?
30222312214
In base 2, what is -100 - 111100100001010001101101010?
-111100100001010001101101110
In base 4, what is -312011233 + -10130?
-312022023
In base 13, what is -81688 - 173?
-8182b
In base 3, what is 1 - -2111000200122?
2111000200200
In base 7, what is -1 - 3100034652?
-3100034653
In base 2, what is 1101111 - 10010101000?
-10000111001
In base 9, what is 260 - -45224?
45484
In base 11, what is -590501 - -19?
-590493
In base 9, what is -525706778 + -1?
-525706780
In base 13, what is -68981 + -49?
-689ca
In base 11, what is 78446 + -37aa?
74747
In base 5, what is 2444 - 43210?
-40211
In base 7, what is 1431100 - -1525?
1432625
In base 2, what is -10110000000111100111 - 1?
-10110000000111101000
In base 5, what is -20 + 323240014?
323234444
In base 1